e?
False
Is 510252397 a prime number?
False
Is 376950593 composite?
True
Is 349047493 composite?
False
Is 50354443 a composite number?
False
Is 1708653421 prime?
False
Is 41055571 composite?
False
Is 257405419 a prime number?
True
Is 4949817547 a prime number?
False
Is 309772663 a prime number?
False
Is 2305023041 a prime number?
False
Is 41214399293 a composite number?
True
Is 27737357971 a composite number?
True
Is 5182100849 a composite number?
False
Is 51210023 composite?
True
Is 1001795549 a composite number?
False
Is 405060577 a composite number?
False
Is 3558357067 prime?
True
Is 2005111081 prime?
True
Is 1093136767 prime?
False
Is 2329326119 a composite number?
True
Is 36853257689 a prime number?
True
Is 1311522911 a prime number?
True
Is 24803432039 a composite number?
True
Is 2680070549 composite?
True
Is 302160929 prime?
False
Is 2084880893 a composite number?
True
Is 8270416397 a composite number?
True
Is 32426877463 prime?
True
Is 362372599 a prime number?
True
Is 345380297 prime?
True
Is 121014447551 composite?
False
Is 572027201 a composite number?
False
Is 1731990203 composite?
False
Is 2298319178 a composite number?
True
Is 7543958333 prime?
False
Is 1548359 composite?
False
Is 83016365 prime?
False
Is 3914036821 a composite number?
False
Is 204779753 a composite number?
True
Is 1409070253 a prime number?
False
Is 52382900267 a composite number?
False
Is 24024943289 composite?
False
Is 15709345517 a prime number?
True
Is 81516483211 prime?
False
Is 41445767453 prime?
True
Is 15558318487 composite?
True
Is 19827627077 a prime number?
True
Is 1367953421 composite?
True
Is 2720075543 a prime number?
False
Is 339968179 prime?
False
Is 5134107689 composite?
True
Is 7222386905 a composite number?
True
Is 266284261 prime?
False
Is 60901847 prime?
True
Is 62564002543 prime?
False
Is 1750119667 a composite number?
False
Is 378231947 a composite number?
True
Is 7812503878 a composite number?
True
Is 535176051 a composite number?
True
Is 29321343307 composite?
False
Is 1537612099 composite?
True
Is 24136560359 a prime number?
False
Is 10020199631 composite?
True
Is 205911619 a prime number?
True
Is 718988261 a prime number?
True
Is 387178399 composite?
False
Is 98727865 a prime number?
False
Is 13048035659 composite?
False
Is 148541709601 composite?
False
Is 40583223841 prime?
False
Is 920546129 prime?
True
Is 5010206353 prime?
False
Is 1386680921 composite?
True
Is 113809867 composite?
True
Is 8671382633 prime?
False
Is 13856480233 a prime number?
True
Is 3731739437 a composite number?
True
Is 147511777123 composite?
True
Is 16246825871 composite?
True
Is 95048943877 a prime number?
True
Is 2885039 composite?
False
Is 10459047289 a composite number?
False
Is 700593709 a prime number?
False
Is 212037137 prime?
False
Is 1519069759 a prime number?
True
Is 6792321637 prime?
True
Is 3725020049 a prime number?
True
Is 957774995 a composite number?
True
Is 40022779 prime?
False
Is 157838777 a prime number?
False
Is 1966829971 prime?
False
Is 31626647539 prime?
True
Is 294398191 prime?
True
Is 8374787515 a composite number?
True
Is 17275641611 a prime number?
True
Is 22950176541 a composite number?
True
Is 433050769 composite?
True
Is 77896943 a composite number?
True
Is 390216353 a prime number?
False
Is 33523081 a composite number?
True
Is 4905909777 a composite number?
True
Is 2141394517 prime?
True
Is 1026720001 a prime number?
True
Is 21529347817 a composite number?
False
Is 107219561 a prime number?
False
Is 4236696743 a composite number?
False
Is 41890772633 composite?
True
Is 34097174351 prime?
True
Is 34739503 a composite number?
False
Is 5893452823 composite?
False
Is 810595217 a composite number?
True
Is 22569572315 prime?
False
Is 20968288279 a prime number?
False
Is 1995975341 composite?
False
Is 52270927 a prime number?
False
Is 243463687 a prime number?
False
Is 4117767341 prime?
True
Is 730733903 a prime number?
False
Is 62424536833 prime?
False
Is 300526337 a prime number?
True
Is 25999107 a composite number?
True
Is 156206528111 prime?
True
Is 6099366781 a composite number?
True
Is 8539166359 a composite number?
False
Is 23262047 a composite number?
True
Is 3405771937 a prime number?
True
Is 69447830761 composite?
True
Is 2522849953 a prime number?
False
Is 7267044047 composite?
False
Is 5619421853 prime?
True
Is 6873268489 a composite number?
False
Is 31467593291 composite?
False
Is 21386648519 composite?
False
Is 1107902539 composite?
True
Is 178847027327 composite?
False
Is 599021309 a composite number?
False
Is 1509682859 composite?
False
Is 13805106493 prime?
False
Is 212465629 a composite number?
True
Is 1630179767 a prime number?
True
Is 11357384771 a composite number?
True
Is 10920611563 composite?
False
Is 3422979247 prime?
False
Is 4963975541 prime?
False
Is 26930263277 a composite number?
True
Is 82298009 prime?
False
Is 10908609491 composite?
True
Is 40206041561 a prime number?
False
Is 242498141 a composite number?
True
Is 9432890267 a composite number?
False
Is 195016249 a composite number?
False
Is 53637989487 prime?
False
Is 280606723411 a composite number?
True
Is 39919874653 prime?
False
Is 124149911 composite?
True
Is 252663461 a composite number?
False
Is 9194144383 a composite number?
True
Is 27665450227 composite?
True
Is 937925827 a prime number?
False
Is 2077257709 composite?
True
Is 1468650599 a composite number?
True
Is 13418844041 a prime number?
True
Is 24089598739 composite?
False
Is 4351607609 a prime number?
False
Is 234512230579 prime?
False
Is 2281100201 a prime number?
False
Is 5743498441 composite?
False
Is 53069673121 prime?
True
Is 13921153313 composite?
True
Is 40646057189 composite?
False
Is 288318240937 composite?
False
Is 479339219 prime?
True
Is 1271164261 a composite number?
False
Is 2665326769 a prime number?
False
Is 442192523 a prime number?
True
Is 320890883 a composite number?
True
Is 846423707 prime?
True
Is 6248863807 a prime number?
False
Is 32134876486 composite?
True
Is 51628771507 a composite number?
False
Is 1285327207 a composite number?
False
Is 4206834911 prime?
False
Is 18124209853 prime?
True
Is 21835964179 composite?
True
Is 1205883047 a composite number?
False
Is 13918043 prime?
True
Is 1747658909 a prime number?
False
Is 30388803251 composite?
True
Is 1010503489 a prime number?
False
Is 6779125081 a prime number?
True
Is 164638262351 a composite number?
False
Is 4905961447 composite?
False
Is 143597977 a prime number?
True
Is 36312751177 a prime number?
True
Is 6003109627 prime?
False
Is 5640447283 a prime number?
False
Is 64333935569 composite?
False
Is 1877771143 a prime number?
False
Is 794020943 prime?
True
Is 19743247217 composite?
False
Is 842037499 a prime number?
True
Is 87194879 prime?
True
Is 311884081 prime?
True
Is 126264001 composite?
False
Is 9244841777 prime?
True
Is 16467968183 a composite number?
True
Is 241228649 composite?
False
Is 2140732883 composite?
False
Is 234697579 a composite number?
False
Is 2857616989 a composite number?
True
Is 637294451 a composite number?
False
Is 40239815947 composite?
False
Is 6447898399 composite?
False
Is 3003924337 a prime number?
True
Is 1754617573 prime?
True
Is 557633215 composite?
True
Is 176707184317 a composite number?
False
Is 84288179 prime?
False
Is 8230450073 a composite number?
True
Is 2105653313 a prime number?
False
Is 914648531 a prime number?
True
Is 19384359079 prime?
False
Is 2238388117 a composite number?
True
Is 1334221814 a composite number?
True
Is 13000216939 prime?
False
Is 423423757 a composite number?
False
Is 3877483411 composite?
True
Is 1527364249 prime?
True
Is 1367456617 a composite number?
False
Is 668146487 a composite number?
False
Is 1060576141 composite?
False
Is 1048341878 composite?
True
Is 2675612087 a prime number?
False
Is 1866675173 a prime number?
False
Is 485710807 composite?
True
Is 151716301237 composite?
False
Is 6951914119 composite?
True
Is 105660416866 a prime number?
False
Is 498990191 a composite number?
True
Is 74774204803 a composite number?
False
Is 17672015167 a composite number?
False
Is 1370028227 prime?
False
Is 61510405321 composite?
True
Is 25273725847 prime?
True
Is 34872151709 a prime number?
False
Is 1568778421 composite?
True
Is 10305478549 a c